6 + (2 - 4 - -11 - (-2 + 2))
-27
What is 1 + (11 - (-9 - (0 - -3)))?
24
Calculate 9 + -1 - (10 - (-5 - -21) - 2).
16
Evaluate 30 - (19 - (-11 - (-36 - -13))).
23
Calculate 7 + 2 + -8 + 14 + -4.
11
16 + -13 + 19 + -12 + 4
14
1 - -15 - (-11 - (-17 + 7 + -3))
14
What is the value of 2 + 12 + (2 - 11)?
5
Evaluate -7 + 1 + -5 + -6 + -6 + 9.
-14
What is -19 + (29 - 24) - (-2 + -3)?
-9
Calculate (-1 + 0 - -32) + (-16 - (26 + -38)).
27
(75 - 37 - 74) + 11
-25
Calculate 17 - (-69 + 81 - (0 - -6)).
11
Calculate 24 + -20 + (8 - 1) + -4 + 7.
14
14 + (18 - 21) + (2 - -6) - 7
12
What is (-14 - (-11 + 0)) + -2?
-5
Calculate -6 + 12 - (2 + 4 + 4).
-4
Evaluate -25 + 26 - (1 - (4 + 0 - 8)).
-4
Evaluate -13 + (-40 - -16) + 17.
-20
Calculate (-22 - (-9 + 3)) + (-76 - -90).
-2
-5 - (-13 + 23 + -11) - 3
-7
What is (8 - (-3 + 11)) + -3?
-3
What is -7 + 12 + 12 + -27 + (-1 - -2)?
-9
-1 + -8 + 65 + -62
-6
Calculate -21 + (16 - (-6 + 17)).
-16
-1 + (-6 + -14 - -23)
2
What is the value of -4 + -5 + 13 + 0 + 8 + -2?
10
What is the value of 7 + 13 + -12 + (-3 - 4)?
1
-15 - -10 - 7 - -22
10
(6 - 6) + -5 + 0 - 3
-8
Evaluate -26 + 52 + -41 - -37.
22
8 - (12 + (-9 - -9 - (6 - -3)))
5
What is (0 + 8 - (-24 + 23)) + -15?
-6
What is the value of (10 - 2) + (-3 - 1) + 8?
12
7 - 9 - 1 - -8
5
Evaluate 29 + -56 + 34 - -25.
32
What is the value of -4 - -12 - (-15 + 26)?
-3
Calculate 53 + -9 + (8 - 7) - (18 - 9).
36
What is the value of -17 + -1 - (-177 + 142)?
17
(-19 - (-10 + 6 + 0)) + 30
15
What is the value of -12 - (2 + -10 - (-37 + 19 - -9))?
-13
Calculate (0 - -5) + (-10 - (-8 - (10 + -8))).
5
What is the value of 6 - (-3 + 0) - (7 - -3)?
-1
-4 + (-4 - (-3 - -1)) + -2
-8
26 + (-4 - (10 - (-2 - -17)))
27
What is 16 - ((5 - 13) + 25)?
-1
(14 - -8 - 7) + -1
14
1 + -17 + 17 - -6
7
What is -16 + (0 - -1) - (-418 + 418)?
-15
9 + -6 + (9 - -7 - 6)
13
(36 - 9) + -18 + 0 + -14
-5
What is (-12 - 2) + 10 + -6 - -23?
13
What is -2 + 1 - -2 - (61 - 7 - 26)?
-27
Evaluate 0 + 20 + -70 + 56 + -10.
-4
Calculate 19 - (6 - 13) - 14.
12
Calculate (-7 - -19) + -17 + 9 + -12.
-8
Evaluate -149 + 131 - (1 + -11) - -4.
-4
Evaluate 1 + -2 - -8 - (-71 - -93).
-15
What is 4 - (16 + (17 - 35) - (0 + 0))?
6
Calculate -2 + -1 + 5 + -2 - (38 - 30).
-8
Evaluate 26 + 1 + -60 + 15.
-18
What is the value of (3 + 1 - (1 - 0)) + -10?
-7
8 + 2 + (-10 + -2 - 20) + 5
-17
Evaluate -15 - ((-55 - -28) + 26).
-14
What is 9 + 0 - (-3 + 15 - 1)?
-2
Evaluate -9 + 8 + 6 - 10 - -4.
-1
What is 7 + -1 + 3 - (43 + (5 - 10))?
-29
Calculate 54 + -52 + (4 - (-2 - -4)) - 42.
-38
Calculate (2 + -5 - 22) + (-28 - -2) + 25.
-26
What is the value of (-177 - -194) + (-3 - 1)?
13
What is the value of 0 - 23 - (-468 - -453)?
-8
What is -35 + 24 - 23 - -24?
-10
What is -3 + 0 - ((12 + -20 - -21) + -4)?
-12
What is 5 + (-24 - -11) + 22 - (-2 - -8)?
8
Evaluate 14 + (2 + -4 - -3) + (-7 - 0).
8
Calculate -6 - (8 - (13 + 8 + -15)).
-8
What is the value of -1 + -11 - (-38 - (23 - 53))?
-4
Calculate -2 + -55 + (31 - 10).
-36
What is the value of (-19 - -9 - (-29 - -1)) + (-5 - 3)?
10
Evaluate (-1 - -1) + -4 - (-90 + 82).
4
Evaluate 10 + -12 - (1 + (-19 - 1)).
17
Calculate 8 - -10 - (-5 + 17) - 31.
-25
Evaluate -32 - (24 - 7 - 12 - 15).
-22
Calculate -9 + (-6 - (-13 + 5)).
-7
Evaluate 11 + -16 - -10 - -3.
8
What is the value of (31 - 22) + 1 + 3 + -3?
10
Evaluate -1 + 13 + -8 + 5 + (-4 - 16).
-11
What is (-28 + -2 - -2) + (-876 - -886)?
-18
What is 8 - (-3 - ((-1 - 12) + 12))?
10
Calculate -38 + 43 + 3 + -5.
3
What is 0 - (-7 + (-7 + -4 - (-11 + -11)))?
-4
(-14 - (12 + -21)) + 18
13
What is 7 + -18 - (-21 + -8 + 4)?
14
Evaluate (-3 - (8 + -7 + -2)) + -11.
-13
Calculate (-7 - 2) + 21 + -15 + 1 + -19.
-21
What is -4 + 13 + (-21 - -19)?
7
Calculate -4 + 17 - (-308 + 338).
-17
Calculate (5 + -1 - 1) + (-12 - 11 - -5).
-15
Evaluate (1 - 8) + 9 + 3 + (-3 - -12).
14
(-10 - -7) + 7 - (15 + -11)
0
What is the value of -12 - (0 + 2) - -12?
-2
What is the value of 26 + (130 - 135) + (-2 - -2 - -2)?
23
-17 + -3 + (48 - 30)
-2
Calculate 14 + -2 + 7 + -9 - 2.
8
What is the value of 0 - 2 - (-14 + (5 - 5))?
12
5 - (-14 - -12 - -17)
-10
Calculate 21 + -15 + -12 + 21.
15
What is the value of -4 + 6 + 8 + 1 + (-5 - -6)?
12
What is (0 - -5) + (12 - (-13 + 21)) + -9?
0
Evaluate (-54 - -39) + (3 - -2 - 1).
-11
What is the value of 48 + (7 - (37 + -10))?
28
-15 + (-44 - -35) + (-1 - -1)
-24
Calculate 1 - (1 + -13 + -1).
14
Calculate -21 + (1 + -14 - -43).
9
What is -4 - (-2 + 0 + 5 - (2 + -5))?
-10
8 + 0 + (14 - (-9 - -9)) + -4
18
What is 10 - (-11 + 16) - (4 + -3 + 3)?
1
Calculate -1 - (-1 - 5) - (-32 + 38) - -3.
2
Calculate (33 - (4 - -88)) + 29.
-30
What is 33 + -41 + (7 - 2)?
-3
(0 - 0) + (-8 - 0 - 6)
-14
Calculate 16 - (21 + -3 - -5).
-7
(30 - (-4 + 16)) + -15
3
What is the value of (2 - 4) + -6 - (-24 + 19 - -7)?
-10
Evaluate -34 + -5 + 5 - -20.
-14
What is the value of 3 - -3 - (-11 + 28)?
-11
What is (12 - 6) + 8 + -2?
12
What is the value of (-58 - -33) + (-4 - (-5 + -5))?
-19
What is the value of 2 - 32 - (7 + (-47 - -32))?
-22
Calculate (17 - -2) + -13 + (-2 - -5).
9
-3 - ((8 + -5 - 9) + 5) - -3
1
208 - 220 - (-1 + 3)
-14
-22 + 24 + -16 + 3
-11
What is the value of (54 - 23) + -17 + -2 + -1?
11
What is the value of -9 - (-16 - (-12 - -5))?
0
(-2 - (1 + -1 + 6)) + 0 - 1
-9
(-3 - (3 - 6)) + -2 + (-338 - -342)
2
Evaluate -3 + 2 + -1 + -47 + 28.
-21
Calculate 59 - (-4 + 25 - -7).
31
Calculate 30 + 34 + -45 + -29.
-10
Calculate (3 - -7) + -12 - (-3 - (0 + -4)).
-3
Calculate -7 + 4 + 22 - 50.
-31
What is the value of (-6 - -28) + -10 - 27?
-15
-5 + (5 + -6 - -10)
4
What is (-5 - 1 - -1) + 11 + -15?
-9
Calculate -15 - (-17 + 29 + -11).
-16
What is -3 - (1 + 10 - 31) - 41?
-24
Evaluate 2 + -4 + -5 - (-3 + -1).
-3
What is the value of (35 - -4) + 1 - (-13 + 27)?
26
What is 28 + -27 + (-3 + 0 - -2) + -2?
-2
Evaluate 23 + (-25 - -13) + (-6 + 6 - -3).
14
(-7 - -4 - -7) + -12
-8
7 + 1 + 44 + -49 - 12
-9
What is (-27 - -24 - -29) + -6?
20
-39 + 19 + 41 - 15
6
Evaluate -27 + 11 - 6 - -24.
2
What is (-1 - -4) + -13 - (-10 + 19)?
-19
(-98 - (11 - 104)) + -1 + 28
22
Calculate 11 + -1 + 186 + -232.
-36
What is the value of -35 + 17 + 22 + (-1 - -2 - -13)?
18
What is 8 + 3 + 8 + -16?
3
Evaluate (-18 - -1 - (-172 + 162)) + -14.
-21
What is (5 - -12) + -4 + -15?
-2
What is the value of -22 - (-24 + (12 - -2))?
-12
What is (-2 - 6) + -9 + 11 + 13 + 3?
10
What is 2 + (0 - 0) + (0 - (11 + -3))?
-6
Calculate -17 + 30 + (11 - 14).
10
Evaluate (-1 - (-8 - 8) - 1) + -4.
10
Evaluate 34 + 24 + -33 + -39.
-14
What is the value of (6 - 17) + (17 - 14)?
-8
What is the value of 80 + -68 - (-3 + 25)?
-10
What is the value of (-91 + 71 - (-20 - 2)) + -15?
-13
2 - (-79 + 31 - -18)
32
Calculate 26 + (7 - 14 - 8) - 35.
-24
16 + 17 + -20 - 19 - -14
8
Evaluate 19 + -29 - (6 + (-1 - -6)).
-21
What is the value of -18 + 10 + (5 - -6) - (2 - -5)?
-4
Calculate -184 + 162 + (-2 - (-6 - 0)).
-18
Evaluate (1 + 8 - 14) + 8 + 2.
5
What is -5 + -5 + (12 - (21 + -10))?
-9
377 + -377 + -1 + 0 + 1
0
Calculate 21 + (6 - (13 + 4)).
10
11 + -12 + 22 - 38
-17
What is -26 + (-11 - -40) + -4?
-1
11 - (2 + (-3 - -14))
-2
What is the value of -11 + -2 + (8 - (-15 - -7))?
3
Calculate 4 - (5 - 1) - (8 + -16 + -5).
13
What is 22 - 6 - (-11 - (-6 - 11))?
10
Calculate -1 + (1 - 0) + (-13 - 7) + 22.
2
Evaluate -30 + -37 + (-17 - -57).
-27
Calculate -14 + -14 + -7 + 13 + 0 + 16.
-6
Calculate -361 - -304 - (-27 + 0).
-30
(-7 + 6 - -2) + 7 + -33 + 7
-18
Calculate (-8 - (19 + -24)) + (23 - -3).
23
-2 + (7 + -6 + 1 + 7 - -5)
12
What is the value of -5 + -9 + 3 + 8?
-3
Calculate -5 - 0 - (-62 + 52 - (-4 + 0)).
1
What is the value of -6 + (-14 - -6) + 15 + -36?
-35
Evaluate 9 + (6 - (0 - 0)).
15
What is the value of 18 + (-1 - (-9 + 15) - (0 - -2))?
9
What is (16 - -8) + (7 - 35)?
-4
Evaluate 9 + (5 + 6 + (8 - 55) - 7).
-34
Evaluate 313 + -311 - (1 + 1 - (-1 - -14)).
13
Evaluate 15 + (25 + -19 - 18) - (32 + 0).
-29
-4 + -12 - (4 + -17) - (0 - -12)
-15
What is the value of (0 - 4) + -6 + (-2 - -5) - -3?
-4
What is the value of 2 + -27 - (-35 - -20)?
-10
What is (16 + -2 - (-3 - -7)) + 16?
26
-9 + 13 + -9 + 13
8
1 + (1 - 4 - (-4 + -7 + 13))
-4
What is the value of -6 + (-6 - -10) + 8 - (1 + -4)?
9
Evaluate 11 + (-11 - -16) + 5 + (-